ighest common divisor of 16404 and 132?
12
Calculate the highest common divisor of 2794 and 23114.
254
What is the highest common divisor of 130745 and 9085?
395
What is the highest common divisor of 573 and 30369?
573
What is the greatest common divisor of 2205 and 3843?
63
Calculate the greatest common divisor of 2385322 and 1234.
1234
Calculate the highest common divisor of 28 and 146538.
14
What is the highest common factor of 2538 and 24?
6
What is the greatest common factor of 490 and 2009?
49
What is the greatest common divisor of 648 and 346?
2
What is the highest common divisor of 24050 and 91871?
481
What is the greatest common factor of 337402 and 247?
247
What is the greatest common factor of 24 and 3670400?
8
What is the highest common factor of 10968 and 10511?
457
Calculate the highest common divisor of 7710 and 102.
6
Calculate the greatest common divisor of 1336 and 967431.
167
Calculate the greatest common factor of 54557 and 534.
89
What is the highest common divisor of 288008 and 278?
278
Calculate the greatest common factor of 167 and 750331.
167
Calculate the highest common divisor of 3696 and 651.
21
Calculate the greatest common divisor of 197455 and 2185.
115
What is the highest common divisor of 16995 and 210?
15
Calculate the greatest common divisor of 1498 and 11046.
14
What is the greatest common divisor of 672 and 10052?
28
Calculate the greatest common divisor of 11253 and 3014.
11
Calculate the greatest common divisor of 68 and 369631.
17
What is the greatest common factor of 1458 and 1954206?
486
Calculate the highest common factor of 3 and 33851.
1
Calculate the highest common divisor of 34 and 154207.
17
Calculate the greatest common divisor of 8 and 6503104.
8
What is the highest common factor of 46 and 339457?
23
What is the highest common divisor of 28 and 76192?
4
What is the greatest common divisor of 24332 and 4?
4
Calculate the highest common divisor of 63540 and 204.
12
Calculate the highest common divisor of 5659 and 194.
1
What is the greatest common factor of 993752 and 408?
136
Calculate the greatest common divisor of 2511 and 424483.
31
Calculate the highest common factor of 8 and 3502252.
4
Calculate the highest common factor of 426 and 97767.
213
Calculate the greatest common factor of 48 and 1358868.
12
What is the greatest common divisor of 41664 and 217?
217
What is the highest common factor of 1316 and 118?
2
What is the highest common factor of 2911 and 31808?
71
Calculate the greatest common factor of 43 and 8771656.
43
What is the greatest common factor of 27 and 11435067?
27
Calculate the highest common factor of 8584 and 725.
29
What is the highest common factor of 36 and 23292?
36
Calculate the greatest common divisor of 2335288 and 1328.
664
What is the highest common divisor of 55384 and 3010?
602
What is the highest common factor of 246805 and 130?
65
What is the highest common divisor of 2240 and 34090?
70
What is the highest common factor of 1246796 and 6181?
883
Calculate the greatest common divisor of 13684 and 2.
2
Calculate the greatest common factor of 16849 and 98.
7
What is the highest common factor of 7352905 and 665?
665
What is the highest common factor of 101244 and 884?
52
Calculate the highest common factor of 224211 and 39.
39
Calculate the highest common factor of 5363 and 310.
31
What is the highest common factor of 8610 and 28?
14
What is the greatest common factor of 48 and 8791260?
12
Calculate the greatest common factor of 80 and 5688.
8
What is the greatest common divisor of 1105 and 2329?
17
Calculate the highest common divisor of 161894 and 244.
122
What is the greatest common divisor of 275 and 1044625?
25
What is the highest common divisor of 5161 and 50419?
397
What is the highest common factor of 66983 and 34175?
1367
What is the highest common divisor of 291 and 8962800?
291
Calculate the highest common divisor of 1775532 and 33.
33
Calculate the highest common factor of 5734 and 19642.
122
Calculate the highest common factor of 8660 and 716.
4
What is the greatest common factor of 770972 and 4?
4
What is the highest common factor of 220209 and 99?
33
What is the greatest common divisor of 57134 and 343?
49
Calculate the highest common divisor of 18092 and 176.
4
Calculate the highest common factor of 21731 and 217.
31
What is the greatest common factor of 42 and 3402?
42
Calculate the greatest common factor of 148523 and 19.
19
Calculate the highest common divisor of 9 and 77607.
9
What is the highest common factor of 3034 and 820?
82
What is the greatest common factor of 279 and 195114?
93
Calculate the greatest common factor of 636776 and 644.
28
What is the highest common factor of 954 and 5565?
159
What is the highest common factor of 4944 and 24?
24
Calculate the greatest common factor of 2223 and 307515.
741
Calculate the highest common divisor of 18391 and 265.
53
Calculate the greatest common factor of 40081 and 2152.
269
Calculate the highest common factor of 8326 and 7475.
23
What is the highest common factor of 533872 and 32?
16
What is the highest common factor of 10340 and 185180?
940
Calculate the highest common divisor of 1892 and 32967.
11
What is the greatest common factor of 570 and 170202?
114
What is the highest common divisor of 1410540 and 300?
60
What is the highest common divisor of 205099 and 317?
317
Calculate the greatest common factor of 1741702 and 1412.
706
Calculate the highest common divisor of 93 and 507191.
31
What is the greatest common divisor of 24401600 and 40?
40
Calculate the greatest common divisor of 564733 and 39.
13
What is the greatest common factor of 427312 and 1360?
272
Calculate the greatest common divisor of 8658 and 119340.
234
Calculate the highest common divisor of 453411 and 378.
189
Calculate the highest common factor of 216394 and 3368.
842
Calculate the greatest common factor of 117 and 46306.
13
What is the highest common divisor of 46 and 105731?
23
What is the highest common divisor of 1495 and 209001?
299
Calculate the greatest common divisor of 6090 and 64470.
210
What is the highest common factor of 3497728 and 312?
104
What is the highest common divisor of 806143 and 143?
13
Calculate the greatest common factor of 5896 and 21384.
88
Calculate the highest common divisor of 3337 and 28294.
47
What is the greatest common factor of 55400 and 120?
40
What is the highest common divisor of 350 and 93350?
50
Calculate the greatest common divisor of 2656 and 1706480.
1328
What is the greatest common factor of 1084 and 268561?
271
Calculate the highest common divisor of 6 and 89940.
6
Calculate the greatest common divisor of 259 and 86913.
37
What is the greatest common factor of 586920 and 16644?
876
Calculate the highest common factor of 270 and 49275.
135
What is the greatest common divisor of 75844 and 153952?
1132
What is the greatest common divisor of 4305 and 10080?
105
What is the highest common divisor of 35 and 36631?
7
Calculate the greatest common divisor of 9812 and 1056.
44
What is the greatest common divisor of 103776 and 4002?
138
Calculate the highest common divisor of 320 and 584960.
320
What is the greatest common factor of 10 and 1258310?
10
Calculate the greatest common factor of 391242 and 27804.
1986
Calculate the highest common factor of 756 and 18252.
108
What is the highest common divisor of 8025 and 1725?
75
Calculate the highest common factor of 97755 and 4560.
285
What is the highest common factor of 420 and 9471?
21
What is the greatest common factor of 95310 and 8856?
54
Calculate the highest common divisor of 130 and 105235.
65
What is the greatest common factor of 486 and 77652?
54
Calculate the highest common factor of 531553 and 2277.
253
Calculate the greatest common factor of 356235 and 510.
255
Calculate the greatest common divisor of 18558 and 1090798.
2062
What is the highest common factor of 456 and 456?
456
Calculate the greatest common divisor of 121 and 31911.
11
What is the greatest common divisor of 3213 and 18955?
17
Calculate the highest common divisor of 15403 and 657.
73
Calculate the greatest common factor of 5984 and 178.
2
Calculate the highest common factor of 261047 and 41.
41
What is the highest common divisor of 130 and 636935?
65
Calcul